-30 - ((-4 - 2 - (-1 - 2)) + (-916 - -924))?
-35
Evaluate (36 - -11) + -10 + 16 + (-7 - 15).
31
Calculate -1 + 2 + 66 + -72 + (111 - 122).
-16
Calculate -8 - (19 + -27) - (-1 + (2 - -57)) - -5.
-53
What is the value of 91 + -99 - (-25 - (-12 - -6)) - -54?
65
Calculate (342 - 358 - (11 - 2)) + -11.
-36
Calculate -2 - (-3 - -4) - -82 - (-73 + 80).
72
What is the value of (56 - 43) + (-3 - 1) + -9 + 9 - 46?
-37
Calculate (-3 - (-15 + 7)) + (14 + -3 - (30 - -84)).
-98
Calculate -14 + (12 - (-4 + 19)) + -15.
-32
What is the value of 16 - (-5 - (-40 - -23) - (-38 + -1))?
-35
-19 + 121 + -65 + -83
-46
(-10 - -15) + -8 - (-14 + 16 + -10)
5
What is (127 - 145) + (-43 - 0)?
-61
Calculate (84 - -1) + (-53 - (40 - 55 - 34)).
81
What is the value of -35 + -2 - (4 - 0 - 9) - (42 - 41)?
-33
Calculate -4 + 0 - (-15 + 5) - (292 + -251).
-35
What is 12 + (172 - (35 - -1)) - 23?
125
What is the value of 0 - -34 - (-20 - -84 - 49)?
19
Evaluate (-6 - (-9 + -62 + 19 - -23)) + -91.
-68
3 + -8 + -3 - ((-65 - -40) + 52)
-35
Evaluate 131 - (70 - (-37 - -49)).
73
What is (-20 - -41 - 10) + (0 - 73)?
-62
Calculate -28 + -43 + 37 + -14 + 1 + -13.
-60
What is -2 + (1 - -31) + (-9740 - -9739)?
29
Calculate (62 - 3) + (-227 - -184).
16
(-8 - -33) + 0 + 2 - -6
33
-464 + 483 - (-1 + -3 - -3 - (-1 - 2))
17
What is the value of -34 + 92 + -58 - -20?
20
Evaluate (-3 - (11 - 3)) + -11 - (10 - 2).
-30
Evaluate (-180 + 215 - (15 - 0)) + -36.
-16
What is the value of 16 + 1 + (-596 - -557) + 101 - 6?
73
Calculate -9 + (72 - (-67 - -103)).
27
What is 0 - (-17 + 38 + (-6 - -37))?
-52
Evaluate (-2 - -4 - 1) + 48 - (149 - (265 + -113)).
52
Calculate (12 - 13) + (-15 - -8 - (-17 + 6)) + 42.
45
What is the value of -7 + (61 + 93 - 89)?
58
What is the value of -3536 - -3604 - (2 + -26)?
92
What is -3 + 10 + (33 - 26 - 18) + (-33 - -1)?
-36
1 - 7 - (11 + 2) - 16
-35
Calculate -3 + (5 - 4 - 25) + (13 - 16).
-30
Calculate 1 - -5 - ((-68 + 15 - -15) + 51).
-7
Calculate (-6 - -14) + (14 - 11) + (-1 - 45).
-35
What is -9 - (-3 - (11 - (22 - 2)) - -24)?
-39
-2 + -4 + -3 - (16 + (1 - 4 - -67))
-89
What is the value of (29 - 4) + (-4 - (6 - -5 - 9))?
19
What is the value of 36 + 23 + -82 + 32?
9
What is the value of -17 + 8 + 42 + -19 + -9 - (-2 + 53)?
-46
What is the value of -60 - (-42 + -15 + -43)?
40
What is (26 - 88) + 3 + 123?
64
-23 - (-84 + 159 + -94)
-4
What is -1 - -58 - 43 - 19?
-5
What is -23 + (-23 - (13 - (-22 + 68))) + -1 + -51?
-65
Evaluate -87 - (-131 - -37) - (3 + -3 - (0 + 6)).
13
What is -108 - -122 - -187 - 112?
89
What is the value of 41083 + -41102 - (123 - 1 - 1)?
-140
Evaluate 21 - -6 - 3 - (-19 + 6).
37
Calculate 146 + -83 - (3 + 2).
58
Calculate (33 - -65) + -56 + -11 + 3.
34
Evaluate -1 + (-3 - -3) + (-47 - (-120 + 64)) + 17.
25
What is -87 + -31 + 59 + 6 + -7 + -16?
-76
Evaluate 0 - (19 + -75 - -25) - 31.
0
What is the value of 10 + -5 + 4 + (38 - (-9 - -30))?
26
What is the value of -2 + -121 - (-61 + -8)?
-54
Calculate 5 + (56 - (31 + 19)) + (-10 - -1).
2
Calculate (45 - (1 + 22)) + -13 + 19.
28
What is 10 - 119 - (60 + -115)?
-54
What is 1570 + -1591 + -9 + -1?
-31
Evaluate 3 - ((-21 - -5) + 67 + -49) - (-8 + -1).
10
What is -1 + 1 + (-9 - 2) + (7901 - 7911) + -1?
-22
Evaluate (-3 - 0) + (-154 - -20) + 81 + -35.
-91
What is 10 - (27 + 3 - 12)?
-8
-1 - 12 - (4 + -9 - -11 - -8 - 50)
23
What is the value of 1110 + -1145 - (1 + 2 - 7)?
-31
2 + -13 + -7 + -30 + 41
-7
What is the value of 67 + (-7 - (7 + 16))?
37
-46 - (19 + -140 + 15)
60
What is the value of 68 - (51 + -31 + 19)?
29
44 + -2 + -7 + (-173 - -178)
40
Evaluate -48 + (-22 - (-136 + 28)).
38
-33 - (-22 + (13 - 4) - (8 - 23))
-35
Calculate (658 - 661) + (-25 - (-2 - 1)).
-25
What is (-233 - -79 - -71) + 57?
-26
3 - (10 + 94 + -125)
24
What is -4 + (3 + -46 - 3 - (3 - (-32 - -21)))?
-64
What is -3 + (-2 - -3) + (-43 - -21 - -31) + -14?
-7
What is -43 - (147 + -74 + -34)?
-82
Calculate 47 + -51 + 23 - (-2 - -11).
10
Calculate 10954 - 10821 - (208 + 2).
-77
What is -169 + 159 - (48 + (-10 - -2))?
-50
What is the value of -3043 - -3055 - (-2 + (74 - (1 - 0)))?
-59
What is 18 + (-38 - (-1 + -15 + 21))?
-25
Evaluate 20 + (-32 + 2 - 21) - -46.
15
What is the value of -2 + -1 + -3 + (5 - (4 + (-5 - -3)))?
-3
What is -3 - 29 - (1035 - 1090)?
23
What is (1 - -28 - 2) + 2279 + -2260?
46
Calculate 3 - (3 - (-2 + -1 + -2 + 0)) - -59.
54
What is the value of -54 + (2 - (9 - 27)) - 1?
-35
What is (202 - 229) + 26 - (-1 + -1 + (105 - 2))?
-102
Evaluate -49 + -9 + 61 + -20.
-17
What is the value of (-6 + 2 - 10 - (6 - 10 - 145)) + -10?
125
Calculate (831 - 834) + (-5 - 1) - -22.
13
-14 - (1 + -5 - (8 + 0 + 1))
-1
Calculate (-288 - -278) + (-7 - -6) + -7.
-18
Calculate -18 + -4 + 9 + 104 + -80 + 45.
56
Evaluate -60 - (-20 + 8 - (4 - -1)).
-43
Evaluate 599 + -502 + 0 + 0 + -22.
75
Calculate (-11 - (1 + -1)) + (0 - (82 - (45 + -16))).
-64
What is the value of -23 + 53 + 47 + -27?
50
Evaluate (8 - (-13 - -16 - 6) - -35) + 3.
49
Evaluate -26 - (45 - (-15 - -51)).
-35
(166 - 70) + (57 - 131)
22
What is (2 - (30 - 1)) + 211 + -216?
-32
What is -30 - (-21 + 11 - -7)?
-27
What is 39 + -2 + 3 + 49 + -81 + 27?
35
What is the value of -49 + (-7 - -11) + -1 - (18 + -13)?
-51
What is the value of 0 + -31 - (219 + -344 + 193)?
-99
Evaluate 463 + -448 + (-4 - (-23 + 0)).
34
What is the value of 16 + (16 - ((-19 - -1) + 12 + (0 - -7)))?
31
-2 + 10 + -187 + 224 + -12 + 0
33
What is the value of (23 - 35 - (3 + (-4 - 2))) + -53?
-62
Evaluate -5 + 2 + (52 - (63 + -21)).
7
What is the value of 2 - 97 - (443 + -467)?
-71
What is the value of (1 - ((6 - -1 - 16) + -45)) + (6 - -1)?
62
Evaluate -673 + 692 - (-1 - 75).
95
Calculate 184 + -117 + (174 - 115).
126
-5 - 1 - (-2 + 1) - (6 + -6 - -10)
-15
Evaluate -217 + 168 + 4 + 6.
-39
Calculate 0 + -9 + (-89 - -103) - -41 - 10.
36
-35 + -10 + 40 - (-1 + (-1 - -5)) - -7
-1
What is 1 + -18 + 25 + -1 + 0?
7
-41 + -32 + 20 + 5 + 10
-38
Evaluate (-28 - -87) + -105 + 75.
29
(12 - (11 + -11) - 120) + (-57 - -55)
-110
Evaluate (110 - 166) + (11 - -47).
2
66 - ((-7 + 18 - 22) + (15 - 6 - 6))
74
What is (6 - 2) + -15 + (-15 - (-1 + -7 + 15))?
-33
What is (-1 - -5) + -10 + (-309 - -316)?
1
Evaluate -62 - (-16 - ((-11 - -21) + -20 + 9)).
-47
(-106 - 17) + (713 - 624)
-34
Calculate 57 + (-27 + 8 + (-10 - -6) - -16).
50
What is (40 - -7) + -32 + (41 - 12)?
44
9 - (66 + 4 + 0)
-61
What is (7 - -4 - (-12 - -11 - 9)) + 5?
26
72 - (-11 - (16 + -83))
16
Evaluate 1 + -92 + -5084 + 5130.
-45
What is the value of -32 + (5 - -68 - 57)?
-16
Calculate -57 + 15 + -9 - 9.
-60
Calculate (-103 + 103 - (-3 + -2)) + -3 + -22.
-20
3 - (64 - 0 - (-99 + (99 - 4)))
-65
What is the value of (10 - 16 - 5) + 8 + (2 - 15)?
-16
Evaluate -62 + (63 - 54 - -136).
83
Evaluate -99 + 1 + (27 - 89) + 86.
-74
-2 - -22 - 22 - (-2 + (3 - 63)) - 11
49
What is 58 + -167 - -67 - (-5 - -6)?
-43
Calculate -66 + -28 - (-235 - -101).
40
58 - 45 - (-54 + (-31 - -23))
75
Evaluate (14988 - 14976) + (1 - -26).
39
What is the value of -13 + 6 + 1 + (4 + 3 + -9 - -7)?
-1
7 + (-4 + 4 + 4 - -50) + (-6 - 4)
51
-872 + 924 - (5 + 112)
-65
Calculate -6 - (341 + -314 - (-1 - -56)).
22
-97 - -80 - 9 - (-2 + -7)
-17
What is 51 + -48 - 95 - -58?
-34
What is the value of 34 + 3 - (1 + 15 - (142 - 137))?
26
What is the value of 2 + (130 + -83 + 38 - -1)?
88
What is -17 + (-62 - -33) + 50 - (27 + 1)?
-24
Calculate (1106 - 1275) + 69 + 10.
-90
Calculate 5 + -1 + 0 + 12 + -27 - -39.
28
What is the value of 101 + 1 + 10 + -44 + 6?
74
Calculate -4 + (-6 - -6) + 14 - (102 - 17) - -1.
-74
What is (1 - 7 - -1) + 93 + -48 + 1 + -15?
26
What is (48 - -55) + (2 - (13 - (-3 - -7)))?
96
What is (0 + -10 - (53 + -77)) + -27?
-13
Evaluate -73 + 53 - -59 - (88 - -3).
-52
What is 32 + 9 - (-16 + (-15 + 24 - 2))?
50
Evaluate (4 - -3 - (5 + -3)) + 5 - (-252 + 333).
-71
What is 3234 - 3169 - (0 - -55)?
10
-14 + (-25 - (-2 + (6 - 2 - -8)))
-49
What is 3 - ((77 - 64) + (26 - -2))?
-38
What is the value of 16 - (-8 - -2 - (-2 + -3)) - 10?
7
Calculate 27 - (0 - -5) - (37 - 29) - -3.
17
Calculate (0 - 4) + 114 + -58 + -57 + 65.
60
What is the value of (-34 - -56 - -3) + 14?
39
What is the value of -38 + 10 + -2 + -14 + 7 + 1 + -1?
-37
Evaluate 3 + 4 - (10 + 1 - (-18 + 34)).
12
What is the value of 1 